[Thu Feb 20 22:42:55.949645 2025] [:error] [pid 23533] [client 47.79.123.101:5441] PHP Warning: Error while sending QUERY packet. PID=23533 in /var/www/html/stonescuppers_com/root/wp-includes/wp-db.php on line 1924, referer: https://stonescuppers.com/2024/08/page/2
[Thu Feb 20 22:42:56.008044 2025] [:error] [pid 23524] [client 47.79.98.230:18257] PHP Warning: Error while sending QUERY packet. PID=23524 in /var/www/html/stonescuppers_com/root/wp-includes/wp-db.php on line 1924, referer: https://stonescuppers.com/2024/11/06/kak-igrat-v-vulkan-platinum-zerkalo-ofitsialnyy-sayt-igrovye-avtomaty-internet-kazino-besplatno-bez-tarelki
[Thu Feb 20 22:42:56.196387 2025] [:error] [pid 23536] [client 47.82.11.23:34266] PHP Warning: Error while sending QUERY packet. PID=23536 in /var/www/html/stonescuppers_com/root/wp-includes/wp-db.php on line 1924, referer: https://stonescuppers.com/2024/06/page/2
[Thu Feb 20 22:42:56.333877 2025] [:error] [pid 23410] [client 47.79.120.224:9081] PHP Warning: Error while sending QUERY packet. PID=23410 in /var/www/html/stonescuppers_com/root/wp-includes/wp-db.php on line 1924, referer: https://stonescuppers.com/2024/12/31/7s-deluxe-demonstration-gamble-free-position-best-online-slot-machines-games
[Thu Feb 20 22:42:56.567407 2025] [:error] [pid 23535] [client 47.82.11.23:34252] PHP Warning: Error while sending QUERY packet. PID=23535 in /var/www/html/stonescuppers_com/root/wp-includes/wp-db.php on line 1924, referer: https://stonescuppers.com/2024/01/08/gry-https-iceccasino-pl-kod-promocyjny-kasynowe-prawdziwe-pieniadze
[Thu Feb 20 22:42:57.210553 2025] [:error] [pid 23275] [client 47.82.0.12:42742] PHP Warning: Error while sending QUERY packet. PID=23275 in /var/www/html/stonescuppers_com/root/wp-includes/wp-db.php on line 1924, referer: https://stonescuppers.com/2024/12/01/pacanele-online-sloturi-jocuri-aproximativ-aparate-spre-bani-reali
[Thu Feb 20 22:42:57.221265 2025] [:error] [pid 23282] [client 47.82.11.59:45278] PHP Warning: Error while sending QUERY packet. PID=23282 in /var/www/html/stonescuppers_com/root/wp-includes/wp-db.php on line 1924, referer: https://stonescuppers.com/2024/04/25/prestamos-sin-vivus-motivos
[Thu Feb 20 22:42:57.212668 2025] [:error] [pid 23534] [client 47.82.11.23:34238] PHP Warning: Error while sending QUERY packet. PID=23534 in /var/www/html/stonescuppers_com/root/wp-includes/wp-db.php on line 1924, referer: https://stonescuppers.com/2024/06/07/igrayte-v-kazino-vulkan-igrovye-avtomaty-kazino-onlayn-prodavaya-edinitsy-besplatno
[Thu Feb 20 22:42:57.243828 2025] [:error] [pid 22674] [client 47.79.1.112:30715] PHP Warning: Error while sending QUERY packet. PID=22674 in /var/www/html/stonescuppers_com/root/wp-includes/wp-db.php on line 1924, referer: https://stonescuppers.com/2024/11/18/the-ultimate-guide-to-free-blackjack-gamings
[Thu Feb 20 22:42:57.493580 2025] [:error] [pid 23530] [client 47.82.11.23:34248] PHP Warning: Error while sending QUERY packet. PID=23530 in /var/www/html/stonescuppers_com/root/wp-includes/wp-db.php on line 1924, referer: https://stonescuppers.com/2024/08/22/pozyczki-bez-krd
[Thu Feb 20 22:42:57.534053 2025] [:error] [pid 23529] [client 47.82.11.59:45288] PHP Warning: Error while sending QUERY packet. PID=23529 in /var/www/html/stonescuppers_com/root/wp-includes/wp-db.php on line 1924, referer: https://stonescuppers.com/2024/10/03/fury-fight-odds-expert-predictions-and-betting-17
[Thu Feb 20 22:42:57.534214 2025] [:error] [pid 23447] [client 47.79.120.224:44526] PHP Warning: Error while sending QUERY packet. PID=23447 in /var/www/html/stonescuppers_com/root/wp-includes/wp-db.php on line 1924, referer: https://stonescuppers.com/2024/11/01/vybor-igrovykh-mostbet-skachat-na-android-avtomatov-v-onlayn-kazino-dlya-igry-v-besplatnom-rezhime
[Thu Feb 20 22:43:04.589607 2025] [:error] [pid 23545] [client 47.82.11.150:37050] PHP Fatal error: Out of memory (allocated 12582912) (tried to allocate 20480 bytes) in /var/www/html/stonescuppers_com/root/wp-content/plugins/divi-builder-2/includes/builder/class-et-builder-element.php on line 3751, referer: https://stonescuppers.com/2024/05/20/las-mini-prestamos-requieren-unicamente-https-credits-onlines-com-es-prestamos-nexu-opiniones-identidad
[Thu Feb 20 22:43:04.934791 2025] [:error] [pid 23545] [client 47.82.11.150:37050] PHP Fatal error: Out of memory (allocated 12582912) (tried to allocate 20480 bytes) in /var/www/html/stonescuppers_com/root/wp-content/plugins/woocommerce/includes/data-stores/class-wc-customer-data-store-session.php on line 83, referer: https://stonescuppers.com/2024/05/20/las-mini-prestamos-requieren-unicamente-https-credits-onlines-com-es-prestamos-nexu-opiniones-identidad
[Thu Feb 20 22:43:05.067916 2025] [:error] [pid 23544] [client 47.82.10.146:54594] PHP Fatal error: Out of memory (allocated 12582912) (tried to allocate 20480 bytes) in /var/www/html/stonescuppers_com/root/wp-content/plugins/divi-builder-2/includes/builder/class-et-builder-element.php on line 3751, referer: https://stonescuppers.com/2024/08/10/internet-kazino-internet-kazino-https-spincity777-click-book-of-ra-besplatno
[Thu Feb 20 22:43:06.129073 2025] [:error] [pid 23544] [client 47.82.10.146:54594] PHP Fatal error: Out of memory (allocated 12582912) (tried to allocate 20480 bytes) in /var/www/html/stonescuppers_com/root/wp-content/plugins/woocommerce/includes/data-stores/class-wc-customer-data-store-session.php on line 83, referer: https://stonescuppers.com/2024/08/10/internet-kazino-internet-kazino-https-spincity777-click-book-of-ra-besplatno
[Thu Feb 20 22:43:07.252714 2025] [:error] [pid 22481] [client 47.82.0.12:48128] PHP Warning: mysqli_query(): MySQL server has gone away in /var/www/html/stonescuppers_com/root/wp-includes/wp-db.php on line 1924, referer: https://stonescuppers.com/2024/01/13/luchshie-pokerdom-zerkalo-igrat-onlayn-stavki-v-internet-kazino
[Thu Feb 20 22:43:07.259712 2025] [:error] [pid 22481] [client 47.82.0.12:48128] PHP Warning: mysqli_query(): Error reading result set's header in /var/www/html/stonescuppers_com/root/wp-includes/wp-db.php on line 1924, referer: https://stonescuppers.com/2024/01/13/luchshie-pokerdom-zerkalo-igrat-onlayn-stavki-v-internet-kazino
[Thu Feb 20 22:43:07.253709 2025] [:error] [pid 23543] [client 47.82.11.150:37054] PHP Warning: mysqli_query(): MySQL server has gone away in /var/www/html/stonescuppers_com/root/wp-includes/wp-db.php on line 1924, referer: https://stonescuppers.com/2025/01/page/229
[Thu Feb 20 22:43:07.259817 2025] [:error] [pid 23543] [client 47.82.11.150:37054] PHP Warning: mysqli_query(): Error reading result set's header in /var/www/html/stonescuppers_com/root/wp-includes/wp-db.php on line 1924, referer: https://stonescuppers.com/2025/01/page/229
[Thu Feb 20 22:43:07.253825 2025] [:error] [pid 23446] [client 47.82.11.59:45262] PHP Warning: mysqli_query(): MySQL server has gone away in /var/www/html/stonescuppers_com/root/wp-includes/wp-db.php on line 1924, referer: https://stonescuppers.com/2024/04
[Thu Feb 20 22:43:07.253923 2025] [:error] [pid 23263] [client 47.79.4.28:55010] PHP Warning: mysqli_query(): MySQL server has gone away in /var/www/html/stonescuppers_com/root/wp-includes/wp-db.php on line 1924, referer: https://stonescuppers.com/2024/12/23/mega888-gift-ideas-the-new-event-out-of-wealth-position
[Thu Feb 20 22:43:07.261139 2025] [:error] [pid 23263] [client 47.79.4.28:55010] PHP Warning: mysqli_query(): Error reading result set's header in /var/www/html/stonescuppers_com/root/wp-includes/wp-db.php on line 1924, referer: https://stonescuppers.com/2024/12/23/mega888-gift-ideas-the-new-event-out-of-wealth-position
[Thu Feb 20 22:43:07.254006 2025] [:error] [pid 23533] [client 47.79.123.101:5441] PHP Warning: mysqli_query(): MySQL server has gone away in /var/www/html/stonescuppers_com/root/wp-includes/wp-db.php on line 1924, referer: https://stonescuppers.com/2024/08/page/2
[Thu Feb 20 22:43:07.254632 2025] [:error] [pid 23275] [client 47.82.0.12:42742] PHP Warning: mysqli_query(): MySQL server has gone away in /var/www/html/stonescuppers_com/root/wp-includes/wp-db.php on line 1924, referer: https://stonescuppers.com/2024/12/01/pacanele-online-sloturi-jocuri-aproximativ-aparate-spre-bani-reali
[Thu Feb 20 22:43:07.263106 2025] [:error] [pid 23275] [client 47.82.0.12:42742] PHP Warning: mysqli_query(): Error reading result set's header in /var/www/html/stonescuppers_com/root/wp-includes/wp-db.php on line 1924, referer: https://stonescuppers.com/2024/12/01/pacanele-online-sloturi-jocuri-aproximativ-aparate-spre-bani-reali
[Thu Feb 20 22:43:07.255950 2025] [:error] [pid 22263] [client 47.79.123.182:62251] PHP Warning: mysqli_query(): MySQL server has gone away in /var/www/html/stonescuppers_com/root/wp-includes/wp-db.php on line 1924, referer: https://stonescuppers.com/2024/11/page/2
[Thu Feb 20 22:43:07.263759 2025] [:error] [pid 22263] [client 47.79.123.182:62251] PHP Warning: mysqli_query(): Error reading result set's header in /var/www/html/stonescuppers_com/root/wp-includes/wp-db.php on line 1924, referer: https://stonescuppers.com/2024/11/page/2
[Thu Feb 20 22:43:07.256673 2025] [:error] [pid 22674] [client 47.79.1.112:30715] PHP Warning: mysqli_query(): MySQL server has gone away in /var/www/html/stonescuppers_com/root/wp-includes/wp-db.php on line 1924, referer: https://stonescuppers.com/2024/11/18/the-ultimate-guide-to-free-blackjack-gamings
[Thu Feb 20 22:43:07.264718 2025] [:error] [pid 22674] [client 47.79.1.112:30715] PHP Warning: mysqli_query(): Error reading result set's header in /var/www/html/stonescuppers_com/root/wp-includes/wp-db.php on line 1924, referer: https://stonescuppers.com/2024/11/18/the-ultimate-guide-to-free-blackjack-gamings
[Thu Feb 20 22:43:07.256762 2025] [:error] [pid 23536] [client 47.82.11.23:34266] PHP Warning: mysqli_query(): MySQL server has gone away in /var/www/html/stonescuppers_com/root/wp-includes/wp-db.php on line 1924, referer: https://stonescuppers.com/2024/06/page/2
[Thu Feb 20 22:43:07.265194 2025] [:error] [pid 23536] [client 47.82.11.23:34266] PHP Warning: mysqli_query(): Error reading result set's header in /var/www/html/stonescuppers_com/root/wp-includes/wp-db.php on line 1924, referer: https://stonescuppers.com/2024/06/page/2
[Thu Feb 20 22:43:07.256839 2025] [:error] [pid 23282] [client 47.82.11.59:45278] PHP Warning: mysqli_query(): MySQL server has gone away in /var/www/html/stonescuppers_com/root/wp-includes/wp-db.php on line 1924, referer: https://stonescuppers.com/2024/04/25/prestamos-sin-vivus-motivos
[Thu Feb 20 22:43:07.265506 2025] [:error] [pid 23282] [client 47.82.11.59:45278] PHP Warning: mysqli_query(): Error reading result set's header in /var/www/html/stonescuppers_com/root/wp-includes/wp-db.php on line 1924, referer: https://stonescuppers.com/2024/04/25/prestamos-sin-vivus-motivos
[Thu Feb 20 22:43:07.256894 2025] [:error] [pid 23551] [client 47.82.11.93:51728] PHP Warning: mysqli_query(): MySQL server has gone away in /var/www/html/stonescuppers_com/root/wp-includes/wp-db.php on line 1924, referer: https://stonescuppers.com/category/uncategorized
[Thu Feb 20 22:43:07.254737 2025] [:error] [pid 23409] [client 47.79.120.224:9235] PHP Warning: mysqli_query(): MySQL server has gone away in /var/www/html/stonescuppers_com/root/wp-includes/wp-db.php on line 1924, referer: https://stonescuppers.com/2024/01/page/3
[Thu Feb 20 22:43:07.268611 2025] [:error] [pid 23409] [client 47.79.120.224:9235] PHP Warning: mysqli_query(): Error reading result set's header in /var/www/html/stonescuppers_com/root/wp-includes/wp-db.php on line 1924, referer: https://stonescuppers.com/2024/01/page/3
[Thu Feb 20 22:43:07.270890 2025] [:error] [pid 23446] [client 47.82.11.59:45262] PHP Warning: mysqli_query(): Error reading result set's header in /var/www/html/stonescuppers_com/root/wp-includes/wp-db.php on line 1924, referer: https://stonescuppers.com/2024/04
[Thu Feb 20 22:43:07.256979 2025] [:error] [pid 23447] [client 47.79.120.224:44526] PHP Warning: mysqli_query(): MySQL server has gone away in /var/www/html/stonescuppers_com/root/wp-includes/wp-db.php on line 1924, referer: https://stonescuppers.com/2024/11/01/vybor-igrovykh-mostbet-skachat-na-android-avtomatov-v-onlayn-kazino-dlya-igry-v-besplatnom-rezhime
[Thu Feb 20 22:43:07.271846 2025] [:error] [pid 23447] [client 47.79.120.224:44526] PHP Warning: mysqli_query(): Error reading result set's header in /var/www/html/stonescuppers_com/root/wp-includes/wp-db.php on line 1924, referer: https://stonescuppers.com/2024/11/01/vybor-igrovykh-mostbet-skachat-na-android-avtomatov-v-onlayn-kazino-dlya-igry-v-besplatnom-rezhime
[Thu Feb 20 22:43:07.265760 2025] [:error] [pid 23551] [client 47.82.11.93:51728] PHP Warning: mysqli_query(): Error reading result set's header in /var/www/html/stonescuppers_com/root/wp-includes/wp-db.php on line 1924, referer: https://stonescuppers.com/category/uncategorized
[Thu Feb 20 22:43:07.273254 2025] [:error] [pid 23533] [client 47.79.123.101:5441] PHP Warning: mysqli_query(): Error reading result set's header in /var/www/html/stonescuppers_com/root/wp-includes/wp-db.php on line 1924, referer: https://stonescuppers.com/2024/08/page/2
[Thu Feb 20 22:43:07.319397 2025] [:error] [pid 23446] [client 47.82.11.59:45262] WordPress database error MySQL server has gone away for query SELECT SQL_CALC_FOUND_ROWS wp_posts.ID FROM wp_posts WHERE 1=1 AND ( \n ( YEAR( wp_posts.post_date ) = 2024 AND MONTH( wp_posts.post_date ) = 4 )\n) AND wp_posts.post_author NOT IN (7001,7912) AND wp_posts.post_type = 'post' AND (wp_posts.post_status = 'publish') ORDER BY wp_posts.post_date DESC LIMIT 0, 10 made by require('wp-blog-header.php'), wp, WP->main, WP->query_posts, WP_Query->query, WP_Query->get_posts, referer: https://stonescuppers.com/2024/04
[Thu Feb 20 22:43:07.319632 2025] [:error] [pid 22263] [client 47.79.123.182:62251] WordPress database error MySQL server has gone away for query SELECT SQL_CALC_FOUND_ROWS wp_posts.ID FROM wp_posts WHERE 1=1 AND ( \n ( YEAR( wp_posts.post_date ) = 2024 AND MONTH( wp_posts.post_date ) = 11 )\n) AND wp_posts.post_author NOT IN (7001,7912) AND wp_posts.post_type = 'post' AND (wp_posts.post_status = 'publish') ORDER BY wp_posts.post_date DESC LIMIT 10, 10 made by require('wp-blog-header.php'), wp, WP->main, WP->query_posts, WP_Query->query, WP_Query->get_posts, referer: https://stonescuppers.com/2024/11/page/2
[Thu Feb 20 22:43:08.016285 2025] [:error] [pid 23541] [client 47.82.10.146:54570] PHP Warning: Error while sending QUERY packet. PID=23541 in /var/www/html/stonescuppers_com/root/wp-includes/wp-db.php on line 1924, referer: https://stonescuppers.com/2024/12/01/joc-s-sloturi-legends-au-the-seas-novomatic-recenzie-procent-sa-castig-rtp-variante-meci-adevar
[Thu Feb 20 22:43:08.115920 2025] [:error] [pid 23410] [client 47.79.120.224:9081] PHP Warning: Error while sending QUERY packet. PID=23410 in /var/www/html/stonescuppers_com/root/wp-includes/wp-db.php on line 1924, referer: https://stonescuppers.com/2024/12/31/7s-deluxe-demonstration-gamble-free-position-best-online-slot-machines-games
[Thu Feb 20 22:43:08.190652 2025] [:error] [pid 23546] [client 47.82.10.146:54586] PHP Warning: Error while sending QUERY packet. PID=23546 in /var/www/html/stonescuppers_com/root/wp-includes/wp-db.php on line 1924, referer: https://stonescuppers.com/2024/11/29/400percent-casino-bonus-british-eight-hundredpercent-put-bonuses-2024
[Thu Feb 20 22:43:08.192638 2025] [:error] [pid 23542] [client 47.79.123.250:58129] PHP Warning: Error while sending QUERY packet. PID=23542 in /var/www/html/stonescuppers_com/root/wp-includes/wp-db.php on line 1924, referer: https://stonescuppers.com/product-category/demo
[Thu Feb 20 22:43:08.213747 2025] [:error] [pid 23524] [client 47.79.98.230:18257] PHP Warning: Error while sending QUERY packet. PID=23524 in /var/www/html/stonescuppers_com/root/wp-includes/wp-db.php on line 1924, referer: https://stonescuppers.com/2024/11/06/kak-igrat-v-vulkan-platinum-zerkalo-ofitsialnyy-sayt-igrovye-avtomaty-internet-kazino-besplatno-bez-tarelki
[Thu Feb 20 22:43:08.230691 2025] [:error] [pid 23535] [client 47.82.11.23:34252] PHP Warning: Error while sending QUERY packet. PID=23535 in /var/www/html/stonescuppers_com/root/wp-includes/wp-db.php on line 1924, referer: https://stonescuppers.com/2024/01/08/gry-https-iceccasino-pl-kod-promocyjny-kasynowe-prawdziwe-pieniadze
[Thu Feb 20 22:43:09.528657 2025] [:error] [pid 23548] [client 47.79.120.224:12599] PHP Warning: Error while sending QUERY packet. PID=23548 in /var/www/html/stonescuppers_com/root/wp-includes/wp-db.php on line 1924, referer: https://stonescuppers.com/2024/11/22/mobiele-versie-van-aviator
[Thu Feb 20 22:43:09.536198 2025] [:error] [pid 23530] [client 47.82.11.23:34248] PHP Warning: Error while sending QUERY packet. PID=23530 in /var/www/html/stonescuppers_com/root/wp-includes/wp-db.php on line 1924, referer: https://stonescuppers.com/2024/08/22/pozyczki-bez-krd
[Thu Feb 20 22:43:09.560160 2025] [:error] [pid 23529] [client 47.82.11.59:45288] PHP Warning: Error while sending QUERY packet. PID=23529 in /var/www/html/stonescuppers_com/root/wp-includes/wp-db.php on line 1924, referer: https://stonescuppers.com/2024/10/03/fury-fight-odds-expert-predictions-and-betting-17
[Thu Feb 20 22:43:14.754140 2025] [:error] [pid 23545] [client 47.82.11.33:46662] PHP Fatal error: Out of memory (allocated 8388608) (tried to allocate 20480 bytes) in /var/www/html/stonescuppers_com/root/wp-content/plugins/divi-builder-2/includes/builder/class-et-builder-element.php on line 3751, referer: https://stonescuppers.com/2025/01/01/100-percent-free-slots-invisible-man-slot-free-spins-zero-obtain-zero-registration-100-percent-free-slots-immediate-gamble
[Thu Feb 20 22:43:14.776560 2025] [:error] [pid 23545] [client 47.82.11.33:46662] PHP Fatal error: Out of memory (allocated 8388608) (tried to allocate 20480 bytes) in /var/www/html/stonescuppers_com/root/wp-content/plugins/woocommerce/includes/data-stores/class-wc-customer-data-store-session.php on line 83, referer: https://stonescuppers.com/2025/01/01/100-percent-free-slots-invisible-man-slot-free-spins-zero-obtain-zero-registration-100-percent-free-slots-immediate-gamble
[Thu Feb 20 22:43:18.401203 2025] [:error] [pid 23446] [client 47.82.11.118:52470] PHP Warning: mysqli_query(): MySQL server has gone away in /var/www/html/stonescuppers_com/root/wp-includes/wp-db.php on line 1924, referer: https://stonescuppers.com/2024/10/03/kojefficient-usika-fjuri-vlijanie-na-ishod-boev-v
[Thu Feb 20 22:43:18.409676 2025] [:error] [pid 23446] [client 47.82.11.118:52470] PHP Warning: mysqli_query(): Error reading result set's header in /var/www/html/stonescuppers_com/root/wp-includes/wp-db.php on line 1924, referer: https://stonescuppers.com/2024/10/03/kojefficient-usika-fjuri-vlijanie-na-ishod-boev-v
[Thu Feb 20 22:43:18.401991 2025] [:error] [pid 23282] [client 47.82.11.59:45278] PHP Warning: mysqli_query(): MySQL server has gone away in /var/www/html/stonescuppers_com/root/wp-includes/wp-db.php on line 1924, referer: https://stonescuppers.com/2024/04/25/prestamos-sin-vivus-motivos
[Thu Feb 20 22:43:18.409757 2025] [:error] [pid 23282] [client 47.82.11.59:45278] PHP Warning: mysqli_query(): Error reading result set's header in /var/www/html/stonescuppers_com/root/wp-includes/wp-db.php on line 1924, referer: https://stonescuppers.com/2024/04/25/prestamos-sin-vivus-motivos
[Thu Feb 20 22:43:18.402044 2025] [:error] [pid 23447] [client 47.79.120.224:44526] PHP Warning: mysqli_query(): MySQL server has gone away in /var/www/html/stonescuppers_com/root/wp-includes/wp-db.php on line 1924, referer: https://stonescuppers.com/2024/11/01/vybor-igrovykh-mostbet-skachat-na-android-avtomatov-v-onlayn-kazino-dlya-igry-v-besplatnom-rezhime
[Thu Feb 20 22:43:18.409862 2025] [:error] [pid 23447] [client 47.79.120.224:44526] PHP Warning: mysqli_query(): Error reading result set's header in /var/www/html/stonescuppers_com/root/wp-includes/wp-db.php on line 1924, referer: https://stonescuppers.com/2024/11/01/vybor-igrovykh-mostbet-skachat-na-android-avtomatov-v-onlayn-kazino-dlya-igry-v-besplatnom-rezhime
[Thu Feb 20 22:43:18.402089 2025] [:error] [pid 23543] [client 47.82.11.150:37054] PHP Warning: mysqli_query(): MySQL server has gone away in /var/www/html/stonescuppers_com/root/wp-includes/wp-db.php on line 1924, referer: https://stonescuppers.com/2025/01/page/229
[Thu Feb 20 22:43:18.402133 2025] [:error] [pid 22674] [client 47.79.1.112:30715] PHP Warning: mysqli_query(): MySQL server has gone away in /var/www/html/stonescuppers_com/root/wp-includes/wp-db.php on line 1924, referer: https://stonescuppers.com/2024/11/18/the-ultimate-guide-to-free-blackjack-gamings
[Thu Feb 20 22:43:18.410022 2025] [:error] [pid 22674] [client 47.79.1.112:30715] PHP Warning: mysqli_query(): Error reading result set's header in /var/www/html/stonescuppers_com/root/wp-includes/wp-db.php on line 1924, referer: https://stonescuppers.com/2024/11/18/the-ultimate-guide-to-free-blackjack-gamings
[Thu Feb 20 22:43:18.403162 2025] [:error] [pid 23524] [client 47.79.98.230:18257] PHP Warning: mysqli_query(): MySQL server has gone away in /var/www/html/stonescuppers_com/root/wp-includes/wp-db.php on line 1924, referer: https://stonescuppers.com/2024/11/06/kak-igrat-v-vulkan-platinum-zerkalo-ofitsialnyy-sayt-igrovye-avtomaty-internet-kazino-besplatno-bez-tarelki
[Thu Feb 20 22:43:18.410073 2025] [:error] [pid 23524] [client 47.79.98.230:18257] PHP Warning: mysqli_query(): Error reading result set's header in /var/www/html/stonescuppers_com/root/wp-includes/wp-db.php on line 1924, referer: https://stonescuppers.com/2024/11/06/kak-igrat-v-vulkan-platinum-zerkalo-ofitsialnyy-sayt-igrovye-avtomaty-internet-kazino-besplatno-bez-tarelki
[Thu Feb 20 22:43:18.403226 2025] [:error] [pid 23530] [client 47.82.11.23:34248] PHP Warning: mysqli_query(): MySQL server has gone away in /var/www/html/stonescuppers_com/root/wp-includes/wp-db.php on line 1924, referer: https://stonescuppers.com/2024/08/22/pozyczki-bez-krd
[Thu Feb 20 22:43:18.410111 2025] [:error] [pid 23530] [client 47.82.11.23:34248] PHP Warning: mysqli_query(): Error reading result set's header in /var/www/html/stonescuppers_com/root/wp-includes/wp-db.php on line 1924, referer: https://stonescuppers.com/2024/08/22/pozyczki-bez-krd
[Thu Feb 20 22:43:18.403308 2025] [:error] [pid 23551] [client 47.82.11.93:51728] PHP Warning: mysqli_query(): MySQL server has gone away in /var/www/html/stonescuppers_com/root/wp-includes/wp-db.php on line 1924, referer: https://stonescuppers.com/category/uncategorized
[Thu Feb 20 22:43:18.410151 2025] [:error] [pid 23551] [client 47.82.11.93:51728] PHP Warning: mysqli_query(): Error reading result set's header in /var/www/html/stonescuppers_com/root/wp-includes/wp-db.php on line 1924, referer: https://stonescuppers.com/category/uncategorized
[Thu Feb 20 22:43:18.403514 2025] [:error] [pid 23410] [client 47.79.120.224:9081] PHP Warning: mysqli_query(): MySQL server has gone away in /var/www/html/stonescuppers_com/root/wp-includes/wp-db.php on line 1924, referer: https://stonescuppers.com/2024/12/31/7s-deluxe-demonstration-gamble-free-position-best-online-slot-machines-games
[Thu Feb 20 22:43:18.410189 2025] [:error] [pid 23410] [client 47.79.120.224:9081] PHP Warning: mysqli_query(): Error reading result set's header in /var/www/html/stonescuppers_com/root/wp-includes/wp-db.php on line 1924, referer: https://stonescuppers.com/2024/12/31/7s-deluxe-demonstration-gamble-free-position-best-online-slot-machines-games
[Thu Feb 20 22:43:18.403566 2025] [:error] [pid 23545] [client 47.82.11.165:38356] PHP Warning: mysqli_query(): MySQL server has gone away in /var/www/html/stonescuppers_com/root/wp-includes/wp-db.php on line 792, referer: https://stonescuppers.com/product/product-4
[Thu Feb 20 22:43:18.410232 2025] [:error] [pid 23545] [client 47.82.11.165:38356] PHP Warning: mysqli_query(): Error reading result set's header in /var/www/html/stonescuppers_com/root/wp-includes/wp-db.php on line 792, referer: https://stonescuppers.com/product/product-4
[Thu Feb 20 22:43:18.410247 2025] [:error] [pid 23543] [client 47.82.11.150:37054] PHP Warning: mysqli_query(): Error reading result set's header in /var/www/html/stonescuppers_com/root/wp-includes/wp-db.php on line 1924, referer: https://stonescuppers.com/2025/01/page/229
[Thu Feb 20 22:43:18.403607 2025] [:error] [pid 23409] [client 47.79.120.224:9235] PHP Warning: mysqli_query(): MySQL server has gone away in /var/www/html/stonescuppers_com/root/wp-includes/wp-db.php on line 1924, referer: https://stonescuppers.com/2024/01/page/3
[Thu Feb 20 22:43:18.410287 2025] [:error] [pid 23409] [client 47.79.120.224:9235] PHP Warning: mysqli_query(): Error reading result set's header in /var/www/html/stonescuppers_com/root/wp-includes/wp-db.php on line 1924, referer: https://stonescuppers.com/2024/01/page/3
[Thu Feb 20 22:43:18.404421 2025] [:error] [pid 23263] [client 47.79.4.28:55010] PHP Warning: mysqli_query(): MySQL server has gone away in /var/www/html/stonescuppers_com/root/wp-includes/wp-db.php on line 1924, referer: https://stonescuppers.com/2024/12/23/mega888-gift-ideas-the-new-event-out-of-wealth-position
[Thu Feb 20 22:43:18.404579 2025] [:error] [pid 22481] [client 47.82.0.12:48128] PHP Warning: mysqli_query(): MySQL server has gone away in /var/www/html/stonescuppers_com/root/wp-includes/wp-db.php on line 1924, referer: https://stonescuppers.com/2024/01/13/luchshie-pokerdom-zerkalo-igrat-onlayn-stavki-v-internet-kazino
[Thu Feb 20 22:43:18.410405 2025] [:error] [pid 22481] [client 47.82.0.12:48128] PHP Warning: mysqli_query(): Error reading result set's header in /var/www/html/stonescuppers_com/root/wp-includes/wp-db.php on line 1924, referer: https://stonescuppers.com/2024/01/13/luchshie-pokerdom-zerkalo-igrat-onlayn-stavki-v-internet-kazino
[Thu Feb 20 22:43:18.404634 2025] [:error] [pid 23529] [client 47.82.11.59:45288] PHP Warning: mysqli_query(): MySQL server has gone away in /var/www/html/stonescuppers_com/root/wp-includes/wp-db.php on line 1924, referer: https://stonescuppers.com/2024/10/03/fury-fight-odds-expert-predictions-and-betting-17
[Thu Feb 20 22:43:18.410484 2025] [:error] [pid 23529] [client 47.82.11.59:45288] PHP Warning: mysqli_query(): Error reading result set's header in /var/www/html/stonescuppers_com/root/wp-includes/wp-db.php on line 1924, referer: https://stonescuppers.com/2024/10/03/fury-fight-odds-expert-predictions-and-betting-17
[Thu Feb 20 22:43:18.402296 2025] [:error] [pid 23541] [client 47.82.11.33:46674] PHP Warning: mysqli_query(): MySQL server has gone away in /var/www/html/stonescuppers_com/root/wp-includes/wp-db.php on line 1924, referer: https://stonescuppers.com/2024/11/22/chemical-peels-near-me-finding-safe-and-effective
[Thu Feb 20 22:43:18.410566 2025] [:error] [pid 23541] [client 47.82.11.33:46674] PHP Warning: mysqli_query(): Error reading result set's header in /var/www/html/stonescuppers_com/root/wp-includes/wp-db.php on line 1924, referer: https://stonescuppers.com/2024/11/22/chemical-peels-near-me-finding-safe-and-effective
[Thu Feb 20 22:43:18.404760 2025] [:error] [pid 23533] [client 47.79.123.101:5441] PHP Warning: mysqli_query(): MySQL server has gone away in /var/www/html/stonescuppers_com/root/wp-includes/wp-db.php on line 1924, referer: https://stonescuppers.com/2024/08/page/2
[Thu Feb 20 22:43:18.401936 2025] [:error] [pid 23414] [client 47.82.11.33:46654] PHP Warning: mysqli_query(): MySQL server has gone away in /var/www/html/stonescuppers_com/root/wp-includes/wp-db.php on line 1924, referer: https://stonescuppers.com/2024/12/01/la-manera-sobre-como-jugar-en-tragamonedas-con-manga-larga-recursos-conveniente-acerca-de-de-cualquier-parte-del-mundo-2024
[Thu Feb 20 22:43:18.410880 2025] [:error] [pid 23414] [client 47.82.11.33:46654] PHP Warning: mysqli_query(): Error reading result set's header in /var/www/html/stonescuppers_com/root/wp-includes/wp-db.php on line 1924, referer: https://stonescuppers.com/2024/12/01/la-manera-sobre-como-jugar-en-tragamonedas-con-manga-larga-recursos-conveniente-acerca-de-de-cualquier-parte-del-mundo-2024
[Thu Feb 20 22:43:18.404463 2025] [:error] [pid 23275] [client 47.82.0.12:42742] PHP Warning: mysqli_query(): MySQL server has gone away in /var/www/html/stonescuppers_com/root/wp-includes/wp-db.php on line 1924, referer: https://stonescuppers.com/2024/12/01/pacanele-online-sloturi-jocuri-aproximativ-aparate-spre-bani-reali
[Thu Feb 20 22:43:18.410940 2025] [:error] [pid 23275] [client 47.82.0.12:42742] PHP Warning: mysqli_query(): Error reading result set's header in /var/www/html/stonescuppers_com/root/wp-includes/wp-db.php on line 1924, referer: https://stonescuppers.com/2024/12/01/pacanele-online-sloturi-jocuri-aproximativ-aparate-spre-bani-reali
[Thu Feb 20 22:43:18.410649 2025] [:error] [pid 23533] [client 47.79.123.101:5441] PHP Warning: mysqli_query(): Error reading result set's header in /var/www/html/stonescuppers_com/root/wp-includes/wp-db.php on line 1924, referer: https://stonescuppers.com/2024/08/page/2
[Thu Feb 20 22:43:18.404237 2025] [:error] [pid 23536] [client 47.82.11.23:34266] PHP Warning: mysqli_query(): MySQL server has gone away in /var/www/html/stonescuppers_com/root/wp-includes/wp-db.php on line 1924, referer: https://stonescuppers.com/2024/06/page/2
[Thu Feb 20 22:43:18.411047 2025] [:error] [pid 23536] [client 47.82.11.23:34266] PHP Warning: mysqli_query(): Error reading result set's header in /var/www/html/stonescuppers_com/root/wp-includes/wp-db.php on line 1924, referer: https://stonescuppers.com/2024/06/page/2
[Thu Feb 20 22:43:18.410326 2025] [:error] [pid 23263] [client 47.79.4.28:55010] PHP Warning: mysqli_query(): Error reading result set's header in /var/www/html/stonescuppers_com/root/wp-includes/wp-db.php on line 1924, referer: https://stonescuppers.com/2024/12/23/mega888-gift-ideas-the-new-event-out-of-wealth-position
[Thu Feb 20 22:43:18.407706 2025] [:error] [pid 22263] [client 47.82.10.122:39870] PHP Warning: mysqli_query(): MySQL server has gone away in /var/www/html/stonescuppers_com/root/wp-includes/wp-db.php on line 1924, referer: https://stonescuppers.com/2025/01/01/shade-shifter-trial-gamble-slot-football-star-totally-free-slot-game
[Thu Feb 20 22:43:18.411185 2025] [:error] [pid 22263] [client 47.82.10.122:39870] PHP Warning: mysqli_query(): Error reading result set's header in /var/www/html/stonescuppers_com/root/wp-includes/wp-db.php on line 1924, referer: https://stonescuppers.com/2025/01/01/shade-shifter-trial-gamble-slot-football-star-totally-free-slot-game
[Thu Feb 20 22:43:18.404820 2025] [:error] [pid 23718] [client 47.82.10.128:48110] PHP Warning: mysqli_set_charset(): MySQL server has gone away in /var/www/html/stonescuppers_com/root/wp-includes/wp-db.php on line 756, referer: https://stonescuppers.com/2024/11/30/slot-machine-online-ramses-2-deluxe
[Thu Feb 20 22:43:18.411250 2025] [:error] [pid 23718] [client 47.82.10.128:48110] PHP Warning: mysqli_set_charset(): Error reading result set's header in /var/www/html/stonescuppers_com/root/wp-includes/wp-db.php on line 756, referer: https://stonescuppers.com/2024/11/30/slot-machine-online-ramses-2-deluxe
[Thu Feb 20 22:43:18.411262 2025] [:error] [pid 23718] [client 47.82.10.128:48110] PHP Warning: mysqli_set_charset(): Error executing query in /var/www/html/stonescuppers_com/root/wp-includes/wp-db.php on line 756, referer: https://stonescuppers.com/2024/11/30/slot-machine-online-ramses-2-deluxe
[Thu Feb 20 22:43:18.407587 2025] [:error] [pid 23546] [client 47.82.10.128:59500] PHP Warning: mysqli_query(): MySQL server has gone away in /var/www/html/stonescuppers_com/root/wp-includes/wp-db.php on line 1924, referer: https://stonescuppers.com/2025/01/03/best-habanero-gambling-enterprises-within-the-casino-get-lucky-2024-websites-with-habanero-games
[Thu Feb 20 22:43:18.411570 2025] [:error] [pid 23546] [client 47.82.10.128:59500] PHP Warning: mysqli_query(): Error reading result set's header in /var/www/html/stonescuppers_com/root/wp-includes/wp-db.php on line 1924, referer: https://stonescuppers.com/2025/01/03/best-habanero-gambling-enterprises-within-the-casino-get-lucky-2024-websites-with-habanero-games
[Thu Feb 20 22:43:18.413806 2025] [:error] [pid 22481] [client 47.82.0.12:48128] WordPress database error MySQL server has gone away for query SELECT YEAR(post_date) AS `year`, MONTH(post_date) AS `month`, count(ID) as posts FROM wp_posts WHERE post_type = 'post' AND post_status = 'publish' GROUP BY YEAR(post_date), MONTH(post_date) ORDER BY post_date DESC made by require('wp-blog-header.php'), require_once('wp-includes/template-loader.php'), include('/themes/twentyseventeen/single.php'), get_sidebar, locate_template, load_template, require_once('/themes/twentyseventeen/sidebar.php'), dynamic_sidebar, WP_Widget->display_callback, WP_Widget_Archives->widget, wp_get_archives, referer: https://stonescuppers.com/2024/01/13/luchshie-pokerdom-zerkalo-igrat-onlayn-stavki-v-internet-kazino
[Thu Feb 20 22:43:18.413961 2025] [:error] [pid 23536] [client 47.82.11.23:34266] WordPress database error MySQL server has gone away for query SELECT SQL_CALC_FOUND_ROWS wp_posts.ID FROM wp_posts WHERE 1=1 AND ( \n ( YEAR( wp_posts.post_date ) = 2024 AND MONTH( wp_posts.post_date ) = 6 )\n) AND wp_posts.post_author NOT IN (7001,7912) AND wp_posts.post_type = 'post' AND (wp_posts.post_status = 'publish') ORDER BY wp_posts.post_date DESC LIMIT 10, 10 made by require('wp-blog-header.php'), wp, WP->main, WP->query_posts, WP_Query->query, WP_Query->get_posts, referer: https://stonescuppers.com/2024/06/page/2
[Thu Feb 20 22:43:18.414057 2025] [:error] [pid 23282] [client 47.82.11.59:45278] WordPress database error MySQL server has gone away for query SELECT YEAR(post_date) AS `year`, MONTH(post_date) AS `month`, count(ID) as posts FROM wp_posts WHERE post_type = 'post' AND post_status = 'publish' GROUP BY YEAR(post_date), MONTH(post_date) ORDER BY post_date DESC made by require('wp-blog-header.php'), require_once('wp-includes/template-loader.php'), include('/themes/twentyseventeen/single.php'), get_sidebar, locate_template, load_template, require_once('/themes/twentyseventeen/sidebar.php'), dynamic_sidebar, WP_Widget->display_callback, WP_Widget_Archives->widget, wp_get_archives, referer: https://stonescuppers.com/2024/04/25/prestamos-sin-vivus-motivos
[Thu Feb 20 22:43:18.414102 2025] [:error] [pid 23543] [client 47.82.11.150:37054] WordPress database error MySQL server has gone away for query SELECT SQL_CALC_FOUND_ROWS wp_posts.ID FROM wp_posts WHERE 1=1 AND ( \n ( YEAR( wp_posts.post_date ) = 2025 AND MONTH( wp_posts.post_date ) = 1 )\n) AND wp_posts.post_author NOT IN (7001,7912) AND wp_posts.post_type = 'post' AND (wp_posts.post_status = 'publish') ORDER BY wp_posts.post_date DESC LIMIT 2280, 10 made by require('wp-blog-header.php'), wp, WP->main, WP->query_posts, WP_Query->query, WP_Query->get_posts, referer: https://stonescuppers.com/2025/01/page/229
[Thu Feb 20 22:43:18.414174 2025] [:error] [pid 23409] [client 47.79.120.224:9235] WordPress database error MySQL server has gone away for query SELECT SQL_CALC_FOUND_ROWS wp_posts.ID FROM wp_posts WHERE 1=1 AND ( \n ( YEAR( wp_posts.post_date ) = 2024 AND MONTH( wp_posts.post_date ) = 1 )\n) AND wp_posts.post_author NOT IN (7001,7912) AND wp_posts.post_type = 'post' AND (wp_posts.post_status = 'publish') ORDER BY wp_posts.post_date DESC LIMIT 20, 10 made by require('wp-blog-header.php'), wp, WP->main, WP->query_posts, WP_Query->query, WP_Query->get_posts, referer: https://stonescuppers.com/2024/01/page/3
[Thu Feb 20 22:43:18.414531 2025] [:error] [pid 23533] [client 47.79.123.101:5441] WordPress database error MySQL server has gone away for query SELECT SQL_CALC_FOUND_ROWS wp_posts.ID FROM wp_posts WHERE 1=1 AND ( \n ( YEAR( wp_posts.post_date ) = 2024 AND MONTH( wp_posts.post_date ) = 8 )\n) AND wp_posts.post_author NOT IN (7001,7912) AND wp_posts.post_type = 'post' AND (wp_posts.post_status = 'publish') ORDER BY wp_posts.post_date DESC LIMIT 10, 10 made by require('wp-blog-header.php'), wp, WP->main, WP->query_posts, WP_Query->query, WP_Query->get_posts, referer: https://stonescuppers.com/2024/08/page/2
[Thu Feb 20 22:43:18.414588 2025] [:error] [pid 22674] [client 47.79.1.112:30715] WordPress database error MySQL server has gone away for query SELECT YEAR(post_date) AS `year`, MONTH(post_date) AS `month`, count(ID) as posts FROM wp_posts WHERE post_type = 'post' AND post_status = 'publish' GROUP BY YEAR(post_date), MONTH(post_date) ORDER BY post_date DESC made by require('wp-blog-header.php'), require_once('wp-includes/template-loader.php'), include('/themes/twentyseventeen/single.php'), get_sidebar, locate_template, load_template, require_once('/themes/twentyseventeen/sidebar.php'), dynamic_sidebar, WP_Widget->display_callback, WP_Widget_Archives->widget, wp_get_archives, referer: https://stonescuppers.com/2024/11/18/the-ultimate-guide-to-free-blackjack-gamings
[Thu Feb 20 22:43:18.414743 2025] [:error] [pid 23447] [client 47.79.120.224:44526] WordPress database error MySQL server has gone away for query SELECT YEAR(post_date) AS `year`, MONTH(post_date) AS `month`, count(ID) as posts FROM wp_posts WHERE post_type = 'post' AND post_status = 'publish' GROUP BY YEAR(post_date), MONTH(post_date) ORDER BY post_date DESC made by require('wp-blog-header.php'), require_once('wp-includes/template-loader.php'), include('/themes/twentyseventeen/single.php'), get_sidebar, locate_template, load_template, require_once('/themes/twentyseventeen/sidebar.php'), dynamic_sidebar, WP_Widget->display_callback, WP_Widget_Archives->widget, wp_get_archives, referer: https://stonescuppers.com/2024/11/01/vybor-igrovykh-mostbet-skachat-na-android-avtomatov-v-onlayn-kazino-dlya-igry-v-besplatnom-rezhime
[Thu Feb 20 22:43:18.414787 2025] [:error] [pid 23551] [client 47.82.11.93:51728] WordPress database error MySQL server has gone away for query SELECT SQL_CALC_FOUND_ROWS wp_posts.ID FROM wp_posts LEFT JOIN wp_term_relationships ON (wp_posts.ID = wp_term_relationships.object_id) WHERE 1=1 AND ( \n wp_term_relationships.term_taxonomy_id IN (1)\n) AND wp_posts.post_author NOT IN (7001,7912) AND wp_posts.post_type = 'post' AND (wp_posts.post_status = 'publish') GROUP BY wp_posts.ID ORDER BY wp_posts.post_date DESC LIMIT 0, 10 made by require('wp-blog-header.php'), wp, WP->main, WP->query_posts, WP_Query->query, WP_Query->get_posts, referer: https://stonescuppers.com/category/uncategorized
[Thu Feb 20 22:43:18.414861 2025] [:error] [pid 23263] [client 47.79.4.28:55010] WordPress database error MySQL server has gone away for query SELECT YEAR(post_date) AS `year`, MONTH(post_date) AS `month`, count(ID) as posts FROM wp_posts WHERE post_type = 'post' AND post_status = 'publish' GROUP BY YEAR(post_date), MONTH(post_date) ORDER BY post_date DESC made by require('wp-blog-header.php'), require_once('wp-includes/template-loader.php'), include('/themes/twentyseventeen/single.php'), get_sidebar, locate_template, load_template, require_once('/themes/twentyseventeen/sidebar.php'), dynamic_sidebar, WP_Widget->display_callback, WP_Widget_Archives->widget, wp_get_archives, referer: https://stonescuppers.com/2024/12/23/mega888-gift-ideas-the-new-event-out-of-wealth-position
[Thu Feb 20 22:43:18.430681 2025] [:error] [pid 23548] [client 47.82.10.8:55178] PHP Warning: Error while sending QUERY packet. PID=23548 in /var/www/html/stonescuppers_com/root/wp-includes/wp-db.php on line 838, referer: https://stonescuppers.com/2024/02/19/internet-based-playing-internet-websites-your-acknowledge-paypal
[Thu Feb 20 22:43:18.459098 2025] [:error] [pid 23544] [client 47.82.11.216:46892] PHP Warning: Error while sending QUERY packet. PID=23544 in /var/www/html/stonescuppers_com/root/wp-includes/wp-db.php on line 1924, referer: https://stonescuppers.com/2024/03/11/jak-sobie-poradzic-z-kredytem-%E2%80%8B%E2%80%8Bktory-ma-komornika-wraz-rupi-pozyczka-z-nieudana-kartka-okolicznosciowa
[Thu Feb 20 22:43:18.566842 2025] [:error] [pid 23535] [client 47.79.121.159:33462] PHP Warning: Error while sending QUERY packet. PID=23535 in /var/www/html/stonescuppers_com/root/wp-includes/wp-db.php on line 1924, referer: https://stonescuppers.com/2024/11/30/jocuri-cam-aparate-novomatic
[Thu Feb 20 22:43:18.582720 2025] [:error] [pid 23542] [client 47.79.123.182:42293] PHP Warning: Error while sending QUERY packet. PID=23542 in /var/www/html/stonescuppers_com/root/wp-includes/wp-db.php on line 1924, referer: https://stonescuppers.com/2024/09/10/onlayn-sloty-dlya-stavok-pin-up-bet-vkhod-besplatno
[Fri Feb 21 02:32:16.654288 2025] [autoindex:error] [pid 26350] [client 207.180.196.137:64995] AH01276: Cannot serve directory /var/www/html/stonescuppers_com/root/wp-includes/ID3/: No matching DirectoryIndex (index.php,index.html,index.cgi,index.pl,index.xhtml,index.htm) found, and server-generated directory index forbidden by Options directive
[Fri Feb 21 06:07:46.365543 2025] [:error] [pid 28112] [client 178.175.140.184:51330] PHP Warning: Illegal string offset 'key' in /var/www/html/stonescuppers_com/root/wp-includes/class-wp-xmlrpc-server.php on line 394
[Fri Feb 21 06:07:46.366871 2025] [:error] [pid 28112] [client 178.175.140.184:51330] PHP Warning: Illegal string offset 'key' in /var/www/html/stonescuppers_com/root/wp-includes/class-wp-xmlrpc-server.php on line 395
[Fri Feb 21 06:07:46.366911 2025] [:error] [pid 28112] [client 178.175.140.184:51330] PHP Warning: Illegal string offset 'value' in /var/www/html/stonescuppers_com/root/wp-includes/class-wp-xmlrpc-server.php on line 395
[Fri Feb 21 06:20:33.914957 2025] [:error] [pid 28375] [client 178.175.140.184:52193] PHP Warning: Illegal string offset 'key' in /var/www/html/stonescuppers_com/root/wp-includes/class-wp-xmlrpc-server.php on line 394
[Fri Feb 21 06:20:33.915957 2025] [:error] [pid 28375] [client 178.175.140.184:52193] PHP Warning: Illegal string offset 'key' in /var/www/html/stonescuppers_com/root/wp-includes/class-wp-xmlrpc-server.php on line 395
[Fri Feb 21 06:20:33.916025 2025] [:error] [pid 28375] [client 178.175.140.184:52193] PHP Warning: Illegal string offset 'value' in /var/www/html/stonescuppers_com/root/wp-includes/class-wp-xmlrpc-server.php on line 395
[Fri Feb 21 06:34:19.308514 2025] [:error] [pid 28626] [client 178.175.140.184:51987] PHP Warning: Illegal string offset 'key' in /var/www/html/stonescuppers_com/root/wp-includes/class-wp-xmlrpc-server.php on line 394
[Fri Feb 21 06:34:19.310039 2025] [:error] [pid 28626] [client 178.175.140.184:51987] PHP Warning: Illegal string offset 'key' in /var/www/html/stonescuppers_com/root/wp-includes/class-wp-xmlrpc-server.php on line 395
[Fri Feb 21 06:34:19.310088 2025] [:error] [pid 28626] [client 178.175.140.184:51987] PHP Warning: Illegal string offset 'value' in /var/www/html/stonescuppers_com/root/wp-includes/class-wp-xmlrpc-server.php on line 395
[Fri Feb 21 06:46:45.605865 2025] [:error] [pid 28537] [client 178.175.140.184:51273] PHP Warning: Illegal string offset 'key' in /var/www/html/stonescuppers_com/root/wp-includes/class-wp-xmlrpc-server.php on line 394
[Fri Feb 21 06:46:45.607262 2025] [:error] [pid 28537] [client 178.175.140.184:51273] PHP Warning: Illegal string offset 'key' in /var/www/html/stonescuppers_com/root/wp-includes/class-wp-xmlrpc-server.php on line 395
[Fri Feb 21 06:46:45.607317 2025] [:error] [pid 28537] [client 178.175.140.184:51273] PHP Warning: Illegal string offset 'value' in /var/www/html/stonescuppers_com/root/wp-includes/class-wp-xmlrpc-server.php on line 395
[Fri Feb 21 06:59:00.728690 2025] [:error] [pid 28629] [client 178.175.140.184:50401] PHP Warning: Illegal string offset 'key' in /var/www/html/stonescuppers_com/root/wp-includes/class-wp-xmlrpc-server.php on line 394
[Fri Feb 21 06:59:00.729682 2025] [:error] [pid 28629] [client 178.175.140.184:50401] PHP Warning: Illegal string offset 'key' in /var/www/html/stonescuppers_com/root/wp-includes/class-wp-xmlrpc-server.php on line 395
[Fri Feb 21 06:59:00.729716 2025] [:error] [pid 28629] [client 178.175.140.184:50401] PHP Warning: Illegal string offset 'value' in /var/www/html/stonescuppers_com/root/wp-includes/class-wp-xmlrpc-server.php on line 395
[Fri Feb 21 07:02:57.242669 2025] [:error] [pid 28793] [client 164.138.38.60:37988] PHP Warning: gzinflate(): data error in /var/www/html/stonescuppers_com/root/wp-content/themes/twentyfifteen/404-json.php on line 7
[Fri Feb 21 07:02:58.499665 2025] [:error] [pid 28603] [client 114.10.47.210:51640] PHP Notice: Undefined index: filename in /var/www/html/stonescuppers_com/root/wp-content/themes/twentysixteen/OOdO-time.php on line 15
[Fri Feb 21 07:02:58.518713 2025] [:error] [pid 28629] [client 164.138.38.60:38007] PHP Warning: gzinflate(): data error in /var/www/html/stonescuppers_com/root/wp-content/themes/twentyfifteen/404-json.php on line 7
[Fri Feb 21 07:02:59.868959 2025] [:error] [pid 28796] [client 46.175.173.253:36855] PHP Warning: gzinflate(): data error in /var/www/html/stonescuppers_com/root/wp-content/themes/twentyfifteen/404-json.php on line 7
[Fri Feb 21 07:03:00.748119 2025] [:error] [pid 28630] [client 115.77.170.242:57625] PHP Notice: Undefined index: filename in /var/www/html/stonescuppers_com/root/wp-content/themes/twentysixteen/OOdO-time.php on line 15
[Fri Feb 21 07:03:01.212932 2025] [:error] [pid 28629] [client 49.204.134.200:30081] PHP Notice: Undefined index: filename in /var/www/html/stonescuppers_com/root/wp-content/themes/twentysixteen/searchform-xml.php on line 15
[Fri Feb 21 07:03:02.701826 2025] [:error] [pid 28603] [client 103.216.81.16:47741] PHP Warning: gzinflate(): data error in /var/www/html/stonescuppers_com/root/wp-content/themes/twentyfifteen/404-json.php on line 7
[Fri Feb 21 07:03:05.888315 2025] [:error] [pid 28812] [client 110.159.41.149:65009] PHP Warning: gzinflate(): data error in /var/www/html/stonescuppers_com/root/wp-content/themes/twentyfifteen/404-json.php on line 7
[Fri Feb 21 07:03:08.938648 2025] [:error] [pid 28774] [client 49.37.223.13:56036] PHP Warning: gzinflate(): data error in /var/www/html/stonescuppers_com/root/wp-content/themes/twentyfifteen/404-json.php on line 7
[Fri Feb 21 07:03:12.116454 2025] [:error] [pid 28774] [client 138.2.117.25:56104] PHP Notice: Undefined index: filename in /var/www/html/stonescuppers_com/root/wp-content/themes/twentysixteen/SJdfLe-request.php on line 15
[Fri Feb 21 07:03:12.361901 2025] [:error] [pid 28630] [client 49.37.223.13:56142] PHP Warning: gzinflate(): data error in /var/www/html/stonescuppers_com/root/wp-content/themes/twentysixteen/dLHkPH-live.php on line 7
[Fri Feb 21 07:03:13.310388 2025] [:error] [pid 28602] [client 103.223.15.43:63868] PHP Warning: gzinflate(): data error in /var/www/html/stonescuppers_com/root/wp-content/themes/twentyfifteen/404-json.php on line 7
[Fri Feb 21 07:03:14.403500 2025] [:error] [pid 28629] [client 148.235.162.246:55504] PHP Warning: gzinflate(): data error in /var/www/html/stonescuppers_com/root/wp-content/themes/twentysixteen/dLHkPH-live.php on line 7
[Fri Feb 21 07:03:14.708724 2025] [:error] [pid 28793] [client 75.24.122.47:56247] PHP Warning: gzinflate(): data error in /var/www/html/stonescuppers_com/root/wp-content/themes/twentyfifteen/404-json.php on line 7
[Fri Feb 21 07:03:17.510848 2025] [:error] [pid 28812] [client 180.243.15.49:57379] PHP Warning: gzinflate(): data error in /var/www/html/stonescuppers_com/root/wp-content/themes/twentysixteen/dLHkPH-live.php on line 7
[Fri Feb 21 07:03:20.452363 2025] [:error] [pid 28602] [client 216.232.18.159:51038] PHP Warning: gzinflate(): data error in /var/www/html/stonescuppers_com/root/wp-content/themes/twentysixteen/dLHkPH-live.php on line 7
[Fri Feb 21 07:03:25.731207 2025] [:error] [pid 28793] [client 201.245.209.175:60005] PHP Warning: gzinflate(): data error in /var/www/html/stonescuppers_com/root/wp-content/themes/twentysixteen/dLHkPH-live.php on line 7
[Fri Feb 21 07:03:28.832102 2025] [:error] [pid 28811] [client 223.18.254.216:53380] PHP Warning: gzinflate(): data error in /var/www/html/stonescuppers_com/root/wp-content/themes/twentysixteen/dLHkPH-live.php on line 7
[Fri Feb 21 07:03:30.342121 2025] [:error] [pid 28809] [client 49.206.60.24:9662] PHP Warning: gzinflate(): data error in /var/www/html/stonescuppers_com/root/wp-content/themes/twentyfifteen/404-json.php on line 7
[Fri Feb 21 07:03:31.299829 2025] [:error] [pid 28629] [client 160.19.132.176:43524] PHP Warning: gzinflate(): data error in /var/www/html/stonescuppers_com/root/wp-content/themes/twentysixteen/dLHkPH-live.php on line 7
[Fri Feb 21 07:03:34.803035 2025] [:error] [pid 28537] [client 94.203.24.145:59890] PHP Warning: gzinflate(): data error in /var/www/html/stonescuppers_com/root/wp-content/themes/twentysixteen/dLHkPH-live.php on line 7
[Fri Feb 21 07:03:46.769974 2025] [:error] [pid 28774] [client 122.163.1.148:54669] PHP Warning: gzinflate(): data error in /var/www/html/stonescuppers_com/root/wp-content/themes/twentysixteen/dLHkPH-live.php on line 7
[Fri Feb 21 07:03:54.510952 2025] [:error] [pid 28811] [client 122.163.1.148:55000] PHP Warning: gzinflate(): data error in /var/www/html/stonescuppers_com/root/wp-content/themes/twentysixteen/dLHkPH-live.php on line 7
[Fri Feb 21 07:04:13.919239 2025] [authz_core:error] [pid 28809] [client 125.160.234.10:50444] AH01630: client denied by server configuration: /var/www/html/stonescuppers_com/root/wp-content/plugins/akismet/akismet-session.php
[Fri Feb 21 07:04:16.353680 2025] [authz_core:error] [pid 28537] [client 115.77.170.242:33063] AH01630: client denied by server configuration: /var/www/html/stonescuppers_com/root/wp-content/plugins/akismet/akismet-session.php
